1.
2700785
Convert -201201110 (base 4) to base 6.
-2535352
-1002211022021 (base 3) to base 8
-2172474
What is -11657775 (base 8) in base 12?
-a453b9
-ab165 (base 12) to base 5
-24222324
Convert 3227413 (base 8) to base 4.
3102330023
Convert 1a0bca (base 13) to base 8.
2406760
What is -140245212 (base 6) in base 14?
-536224
-12c50 (base 14) to base 15
-dad6
Convert 67b2a (base 14) to base 7.
2066253
Convert -23a157 (base 16) to base 10.
-2335063
Convert 6be7d (base 15) to base 11.
215618
Convert -1010000000000000001 (base 2) to base 13.
-b61c3
Convert -a7920 (base 12) to base 11.
-140966
359a88 (base 11) to base 10
569643
-1100010111001000101011 (base 2) to base 10
-3240491
What is 2345435 (base 6) in base 15?
266eb
-1013201321 (base 4) to base 14
-78ab7
-d0a77 (base 15) to base 13
-1a1829
-532931 (base 13) to base 15
-287338
223434033 (base 5) to base 2
11110011111101100100
Convert -1001100101101000 (base 2) to base 12.
-1a888
What is 501014 (base 7) in base 16?
149a5
284790 (base 12) to base 6
22221100
What is 51b8c (base 15) in base 6?
5315323
-578609 (base 10) to base 15
-b668e
What is -44404506 (base 8) in base 5?
-4422230010
What is -2211121120010 (base 3) in base 11?
-93aa71
-35794 (base 10) to base 4
-20233102
258a0 (base 14) to base 7
532660
Convert 1232310 (base 6) to base 2.
10000010001010010
225087 (base 12) to base 14
103943
What is -4465812 (base 12) in base 16?
-c77c4e
Convert -202320 (base 14) to base 6.
-35104040
Convert 11011011101000010 (base 2) to base 9.
181224
134151 (base 8) to base 3
2101202111
472177 (base 9) to base 2
1000101010001010100
What is 26502334 (base 7) in base 12?
996981
What is 120018 (base 13) in base 15?
86e26
Convert -183795a (base 15) to base 10.
-17643235
352e4f (base 16) to base 8
15227117
Convert -1662540 (base 8) to base 2.
-1110110010101100000
What is 17007127 (base 9) in base 12?
2a23921
Convert 136160 (base 10) to base 4.
201033200
What is 60417 (base 11) in base 4?
111210130
-14333312 (base 6) to base 2
-1111000101111001100
Convert -15d3d (base 16) to base 15.
-1b755
What is -1111122212202 (base 3) in base 8?
-3033142
What is 5bac84 (base 16) in base 7?
102031601
What is 1076425 (base 8) in base 13?
a3b81
Convert -152627 (base 11) to base 4.
-322001221
What is -56621256 (base 7) in base 4?
-102303203013
Convert 3251523 (base 6) to base 2.
100111101001101011
What is 110110110100001100 (base 2) in base 7?
1623406
What is 1005032453 (base 6) in base 13?
21a233c
What is 73250 (base 12) in base 2?
100100110010011100
-10c3c5 (base 16) to base 7
-12224121
Convert -4344142200 (base 5) to base 10.
-9365300
What is 2117644 (base 8) in base 7?
4542454
Convert -c07b1 (base 14) to base 15.
-92099
17139c (base 14) to base 11
5037a1
16b001 (base 13) to base 5
121114302
What is 168101 (base 9) in base 10?
104329
-112202220220 (base 3) to base 15
-5b279
What is -100000010000010100111001 (base 2) in base 11?
-4855801
Convert 100001111111111010 (base 2) to base 6.
2552414
What is -151807d (base 14) in base 11?
-5890959
What is -22090 (base 14) in base 10?
-82446
Convert 4246525 (base 9) to base 8.
10533134
-2bc3 (base 13) to base 3
-22210111
What is -10013711 (base 10) in base 2?
-100110001100110000001111
Convert -4156004 (base 7) to base 8.
-1723336
What is -143104 (base 5) in base 13?
-298a
-52115314 (base 7) to base 13
-ba1c2a
What is -13003241 (base 5) in base 6?
-2404434
What is 1111202301 (base 4) in base 5?
42203020
Convert 1306566 (base 8) to base 15.
72c49
Convert -2001122022 (base 4) to base 6.
-15205550
Convert -2156564 (base 7) to base 6.
-5413335
-6630467 (base 8) to base 9
-3315478
-143405462 (base 7) to base 2
-100100001010101110001111
What is 100320134 (base 5) in base 8?
1417616
Convert 18a464 (base 11) to base 5.
33321133
Convert -610231 (base 15) to base 3.
-22200002010101
What is -21000011020 (base 3) in base 15?
-2acd0
What is -10010000101011110 (base 2) in base 5?
-4332303
What is 2f7e34 (base 16) in base 12?
1061270
What is -11424642 (base 8) in base 14?
-49164a
b101 (base 15) to base 13
14002
326b3 (base 16) to base 12
9b617
-3270 (base 16) to base 12
-7580
What is -185431 (base 9) in base 2?
-11100001101001110
What is 32420342 (base 6) in base 9?
1733358
Convert 5578 (base 16) to base 6.
245144
Convert 110130202 (base 4) to base 2.
10100011100100010
Convert 1043445 (base 6) to base 3.
2200020102
Convert 331220404 (base 5) to base 8.
5347747
320346 (base 12) to base 15
108939
What is 3613c6 (base 14) in base 7?
21463136
Convert -bb1884 (base 12) to base 4.
-23110222210
-75a62 (base 11) to base 6
-2211112
Convert 100010011001 (base 2) to base 5.
32301
Convert -558974 (base 11) to base 16.
-d95a6
-100176 (base 13) to base 16
-5ab67
Convert 124033430 (base 5) to base 6.
21040044
What is -2102010221 (base 4) in base 2?
-10010010000100101001
1123c51 (base 13) to base 11
2a75942
174507 (base 8) to base 9
106475
407d (base 15) to base 11
a260
-3296654 (base 10) to base 7
-40010144
Convert 136610 (base 7) to base 11.
188a2
Convert 4665b9 (base 15) to base 5.
1330102144
What is -41aa24 (base 11) in base 8?
-2443157
Convert -12403141 (base 5) to base 8.
-356670
What is a77842 (base 11) in base 6?
100534212
Convert 18739 (base 11) to base 3.
1022220120
What is -824aa (base 15) in base 9?
-688237
Convert 11101000011011111111000 (base 2) to base 6.
431125332
1201122120222 (base 3) to base 6
31403042
What is -a6a2 (base 11) in base 5?
-423043
What is 110000110001001000010 (base 2) in base 16?
186242
Convert 1154a58 (base 11) to base 16.
1eb4fe
-552904 (base 11) to base 2
-11010111011000100111
Convert -153112 (base 6) to base 5.
-434243
Convert d4aac (base 16) to base 7.
10255414
What is -1313032210 (base 4) in base 13?
-14138b
-182878 (base 9) to base 2
-11011110000110010
Convert 220420122 (base 5) to base 8.
3501767
Convert 211022121210 (base 3) to base 7.
3506535
-1011021201222 (base 3) to base 6
-21110555
101030232 (base 4) to base 11
48a22
What is -11101001100010010 (base 2) in base 8?
-351422
14e4fb (base 16) to base 4
11032103323
-17d68 (base 16) to base 9
-157838
2043816 (base 9) to base 8
4124610
What is -81a07 (base 16) in base 10?
-530951
What is 25b5e (base 16) in base 15?
30b77
What is 11010010111011010000011 (base 2) in base 3?
111000010221220
Convert -141aa78 (base 11) to base 16.
-254ed3
Convert 3011220210 (base 4) to base 12.
330570
110012321220 (base 4) to base 14
9b2d84
What is -502358 (base 10) in base 16?
-7aa56
What is -468a9 (base 11) in base 2?
-10000100000110101
What is -72b19 (base 12) in base 14?
-3ca57
Convert -258786 (base 13) to base 8.
-3346104
What is -2948347 (base 11) in base 5?
-2243442312
955439 (base 13) to base 5
1343334101
Convert -4524a12 (base 11) to base 2.
-11110001111011000100000
What is -10010100111100100011011 (base 2) in base 5?
-2222140132
12012212100 (base 3) to base 7
605250
What is -599536 (base 13) in base 14?
-3d7a93
-10687027 (base 9) to base 16
-4f447f
Convert 355600 (base 7) to base 15.
1415a
Convert 11200011110121 (base 3) to base 6.
125120454
Convert 10100101000010011000100 (base 2) to base 15.
71c545
What is 371a995 (base 11) in base 6?
350411104
1534035 (base 6) to base 2
10110000011000111
-236373 (base 15) to base 3
-10011221112000
What is 372 (base 14) in base 15?
30d
Convert 11b95e (base 15) to base 3.
1121010221022
-525552132 (base 6) to base 5
-4331041310
Convert 3034552 (base 7) to base 11.
227913
What is -a8dc6 (base 16) in base 8?
-2506706
Convert 34155075 (base 8) to base 12.
2588051
Convert -32a0b28 (base 12) to base 4.
-210313201100
What is -20111113010 (base 4) in base 14?
-40c220
What is 78611 (base 14) in base 11?
18a475
13b741 (base 15) to base 9
1707147
What is -121454340 (base 6) in base 7?
-25521423
476464 (base 8) to base 5
20204444
Convert 210222212202112 (base 3) to base 13.
2563790
-10350770 (base 8) to base 13
-5c7b05
-7660012 (base 8) to base 5
-1011244302
-886215 (base 9) to base 14
-dad26
What is -1011111110100010011111 (base 2) in base 8?
-13764237
110100110000010111000110 (base 2) to base 9
28017543
What is -1365205 (base 8) in base 14?
-a1421
852926 (base 10) to base 8
3201676
What is 15140422 (base 6) in base 3?
222201222212
Convert 2656520 (base 8) to base 6.
23544024
Convert -80972 (base 11) to base 12.
-58560